ue
Is 3593 a prime number?
True
Is 56986 a prime number?
False
Is 698891 a prime number?
True
Is 291545 a prime number?
False
Is 493291 a prime number?
True
Is 5773 a composite number?
True
Is 30973 a prime number?
False
Is 29789 a prime number?
True
Is 495947 a prime number?
True
Is 726983 a composite number?
False
Is 954341 a prime number?
False
Is 43801 prime?
True
Is 26077 composite?
True
Is 145373 composite?
True
Is 127 a prime number?
True
Is 388649 composite?
True
Is 1816483 composite?
True
Is 25723 composite?
True
Is 8033 prime?
False
Is 3551 prime?
False
Is 145943 a prime number?
False
Is 120319 a composite number?
False
Is 444011 prime?
False
Is 131891 prime?
True
Is 58027 a composite number?
False
Is 30029 a prime number?
True
Is 52363 composite?
False
Is 70043 prime?
False
Is 350231 a composite number?
True
Is 415931 a composite number?
False
Is 97607 a composite number?
False
Is 81547 a composite number?
False
Is 66989 composite?
True
Is 67547 a composite number?
False
Is 18773 a composite number?
False
Is 719 prime?
True
Is 2057087 a prime number?
True
Is 702407 prime?
True
Is 26947 prime?
True
Is 19373 a composite number?
False
Is 53467 a composite number?
True
Is 34657 prime?
False
Is 6947 prime?
True
Is 3415 a prime number?
False
Is 564835 a composite number?
True
Is 42557 a prime number?
True
Is 829 prime?
True
Is 3649 composite?
True
Is 1129889 prime?
True
Is 25399 a prime number?
False
Is 24169 a prime number?
True
Is 478391 prime?
True
Is 6127 prime?
False
Is 20017 a prime number?
False
Is 5638 a prime number?
False
Is 1693 a composite number?
False
Is 25219 prime?
True
Is 47587 composite?
True
Is 32849 composite?
True
Is 133099 prime?
False
Is 8887 prime?
True
Is 70801 a prime number?
False
Is 34901 composite?
True
Is 879215 a prime number?
False
Is 64187 composite?
False
Is 148315 prime?
False
Is 3313177 composite?
True
Is 8501 a prime number?
True
Is 77003 a prime number?
True
Is 19253 composite?
True
Is 6997 prime?
True
Is 48353 prime?
True
Is 35671 composite?
False
Is 91 composite?
True
Is 4087 composite?
True
Is 82067 composite?
False
Is 23369 a prime number?
True
Is 7067 a prime number?
False
Is 749069 composite?
False
Is 521907 composite?
True
Is 556289 composite?
False
Is 59333 a prime number?
True
Is 64949 prime?
False
Is 708969 composite?
True
Is 289343 prime?
True
Is 10831 a prime number?
True
Is 8413 a prime number?
False
Is 6337 a composite number?
False
Is 5737 a prime number?
True
Is 8923 a composite number?
False
Is 8513 a prime number?
True
Is 151799 a prime number?
True
Is 13781 a prime number?
True
Is 40667 a composite number?
True
Is 890231 a composite number?
False
Is 18623 composite?
True
Is 325289 a prime number?
False
Is 137659 a prime number?
True
Is 5612137 prime?
True
Is 228143 composite?
True
Is 29453 prime?
True
Is 257831 a prime number?
False
Is 1985809 prime?
False
Is 93877 a prime number?
False
Is 72509 a prime number?
False
Is 3717163 composite?
True
Is 4918 prime?
False
Is 42421 composite?
True
Is 20707 composite?
False
Is 123311 a prime number?
True
Is 19777 prime?
True
Is 23741 prime?
True
Is 19289 a composite number?
False
Is 12953 composite?
False
Is 8803 a composite number?
False
Is 11413 a composite number?
True
Is 13997 a composite number?
False
Is 8503 composite?
True
Is 18299 a prime number?
False
Is 18481 composite?
False
Is 787367 a prime number?
False
Is 803615 a prime number?
False
Is 120662 prime?
False
Is 23774 a prime number?
False
Is 67157 composite?
False
Is 2757757 a prime number?
False
Is 59693 composite?
False
Is 23599 a prime number?
True
Is 24599 composite?
True
Is 20741 composite?
True
Is 27971 a composite number?
True
Is 118571 a composite number?
False
Is 81177 composite?
True
Is 8263 a composite number?
False
Is 91009 a prime number?
True
Is 227657 prime?
False
Is 716383 a composite number?
False
Is 57083 composite?
True
Is 427199 a composite number?
True
Is 42481 a composite number?
True
Is 65951 a prime number?
True
Is 1993263 composite?
True
Is 13047 composite?
True
Is 30593 a prime number?
True
Is 698869 composite?
True
Is 182159 prime?
True
Is 213943 composite?
False
Is 4142267 a composite number?
False
Is 41462 a prime number?
False
Is 68073 composite?
True
Is 47863 a composite number?
True
Is 259023 prime?
False
Is 14401 prime?
True
Is 14369 composite?
False
Is 821 a prime number?
True
Is 1215427 a composite number?
True
Is 10079 a prime number?
True
Is 1463303 a prime number?
True
Is 896369 a prime number?
True
Is 18583 prime?
True
Is 713597 a prime number?
True
Is 19123 a composite number?
True
Is 78607 prime?
True
Is 41671 a composite number?
True
Is 604579 prime?
True
Is 889 a composite number?
True
Is 43841 a composite number?
True
Is 44077 prime?
False
Is 13841 composite?
False
Is 1552081 prime?
False
Is 3109 composite?
False
Is 282281 prime?
True
Is 227849 composite?
False
Is 409 composite?
False
Is 252139 prime?
True
Is 31957 prime?
True
Is 93169 a prime number?
True
Is 77423 composite?
True
Is 30551 a composite number?
True
Is 59791 composite?
False
Is 30209 prime?
False
Is 148601 a prime number?
False
Is 34165 prime?
False
Is 8887 a composite number?
False
Is 23189 a composite number?
False
Is 61091 composite?
False
Is 14527 composite?
True
Is 273457 composite?
False
Is 41689 prime?
False
Is 1027 prime?
False
Is 8095 prime?
False
Is 22901 a composite number?
False
Is 391934 a composite number?
True
Is 21031 composite?
False
Is 7753 composite?
False
Is 7433 a composite number?
False
Is 365503 a prime number?
False
Is 10405 a prime number?
False
Is 5939 a prime number?
True
Is 283033 prime?
False
Is 50191 a prime number?
False
Is 40927 prime?
True
Is 703991 prime?
True
Is 154643 prime?
True
Is 228347 a composite number?
True
Is 1064135 a composite number?
True
Is 68966 a composite number?
True
Is 287783 a composite number?
False
Is 38137 a composite number?
True
Is 921 a prime number?
False
Is 294662 a composite number?
True
Is 70691 a composite number?
True
Is 190207 a prime number?
True
Is 12583 composite?
False
Is 3371 a prime number?
True
Is 1123 prime?
True
Is 370501 prime?
False
Is 719813 composite?
False
Is 1009405 a composite number?
True
Is 621043 composite?
False
Is 33083 a prime number?
True
Is 102991 composite?
True
Is 30607 a prime number?
False
Is 4359 a prime number?
False
Is 94729 a composite number?
True
Is 164471 a prime number?
True
Is 80557 a composite number?
False
Is 7671 composite?
True
Is 295 composite?
True
Is 529817 a composite number?
True
Is 110119 composite?
False
Is 8663 a prime number?
True
Is 30715 a prime number?
False
Is 3791 prime?
False
Is 21647 a composite number?
False
Is 2459 a composite number?
False
Is 281626 prime?
False
Is 5507039 prime?
True
Is 59539 prime?
True
Is 15901 a prime number?
True
Is 2620223 prime?
True
Is 2229383 prime?
False
Is 6841 prime?
True
Is 241474 a composite number?
True
Is 191 a composite number?
False
Is 45281 prime?
True
Is 31013 prime?
True
Is 15623 a prime number?
False
Is 1397 prime?
False
Is 4727 composite?
True
Is 145193 prime?
True
Is 203051 a prime number?
True
Is 595003 prime?
True
Is 20779 a composite number?
True
Is 151531 a composite number?
False
Is 6599 prime?
True
Is 66767 composite?
True
Is 556867 a prime number?
True
Is 135929 a composite number?
False
Is 27179 a composite number?
False
Is 4666 composite?
True
Is 57487 a prime number?
True
Is 367229 a prime number?
True
Is 20803 composite?
True
Is 19439 composite?
True
Is 42131 prime?
True
Is 14171 composite?
True
Is 583883 prime?
False
Is 27641 prime?
False
Is 479077 a composite number?
True
Is 6893 prime?
False
Is 121843 a prime number?
True
Is 10057 a composite number?
True
Is 15959 prime?
True
Is 789 a composite number?
True
Is 50923 prime?
True
Is 189341 composite?
True
Is 435187 prime?
True
Is 137777 a composite number?
False
Is 3113 prime?
False
Is 1195 prime?
False
Is 7283 a prime number?
True
Is 3061 a prime number?
True
Is 11663 composite?
True
Is 432763 a prime number?
False
Is 46819 prime?
True
Is 157359 a prime number?
False
Is 7817 a composite number?
False
Is 21547 prime?
False
Is 271919 prime?
True
Is 52157 a composite number?
True
Is 56567 a prime number?
False
Is 1977 a prime number?
False
Is